{"id":399,"date":"2026-08-21T04:00:36","date_gmt":"2026-08-21T07:00:36","guid":{"rendered":"https:\/\/24-7.com.py\/?post_type=tapa_impresa&#038;p=399"},"modified":"2026-08-20T22:52:43","modified_gmt":"2026-08-21T01:52:43","slug":"tapa-impresa-21-de-agosto-de-2026","status":"publish","type":"tapa_impresa","link":"https:\/\/24-7.com.py\/index.php\/tapa-impresa\/tapa-impresa-21-de-agosto-de-2026\/","title":{"rendered":"Tapa Impresa &#8211; 21 de agosto de 2026"},"content":{"rendered":"<p>Tapa impresa del d\u00eda con el titular principal: CLAUDIA CENTURI\u00d3N PONE FIN AL SEM\u00c1FORO DE LA MUERTE QUE DEJ\u00d3 EL GOBIERNO ANTERIOR<\/p>\n","protected":false},"featured_media":401,"template":"","class_list":["post-399","tapa_impresa","type-tapa_impresa","status-publish","has-post-thumbnail","hentry"],"_links":{"self":[{"href":"https:\/\/24-7.com.py\/index.php\/wp-json\/wp\/v2\/tapa_impresa\/399","targetHints":{"allow":["GET"]}}],"collection":[{"href":"https:\/\/24-7.com.py\/index.php\/wp-json\/wp\/v2\/tapa_impresa"}],"about":[{"href":"https:\/\/24-7.com.py\/index.php\/wp-json\/wp\/v2\/types\/tapa_impresa"}],"wp:featuredmedia":[{"embeddable":true,"href":"https:\/\/24-7.com.py\/index.php\/wp-json\/wp\/v2\/media\/401"}],"wp:attachment":[{"href":"https:\/\/24-7.com.py\/index.php\/wp-json\/wp\/v2\/media?parent=399"}],"curies":[{"name":"wp","href":"https:\/\/api.w.org\/{rel}","templated":true}]}}

<p>Tapa impresa del día con el titular principal: CLAUDIA CENTURIÓN PONE FIN AL SEMÁFORO DE LA MUERTE QUE DEJÓ EL GOBIERNO ANTERIOR</p>
