{"id":82,"date":"2026-08-13T07:00:00","date_gmt":"2026-08-13T10:00:00","guid":{"rendered":"https:\/\/24-7.com.py\/index.php\/editorial\/desde-la-direccion-de-24-7\/"},"modified":"2026-08-13T17:29:22","modified_gmt":"2026-08-13T20:29:22","slug":"desde-la-direccion-de-24-7","status":"publish","type":"editorial","link":"https:\/\/24-7.com.py\/index.php\/editorial\/desde-la-direccion-de-24-7\/","title":{"rendered":"Desde la direcci\u00f3n de \u00ab24\/7\u00bb"},"content":{"rendered":"\n<p class=\"wp-block-paragraph\">Hoy, con la mirada puesta en el porvenir de la patria, iniciamos la difusi\u00f3n del diario digital &#8220;24\/7&#8221; desde Asunci\u00f3n. Este proyecto nace de la convergencia de periodistas veteranos, quienes en su momento han sido primeras figuras de la prensa nacional. Volvemos al ejercicio informativo con la madurez que otorgan los a\u00f1os de oficio, con el fin de ofrecer un espacio de alta fidelidad period\u00edstica y profunda responsabilidad c\u00edvica.<\/p>\n\n\n\n<p class=\"wp-block-paragraph\">Asumimos un compromiso inquebrantable de respeto absoluto hacia nuestro p\u00fablico. Declaramos formalmente que nuestras p\u00e1ginas eludir\u00e1n las informaciones chabacanas o denigrantes. No habr\u00e1 en este medio espacio para la ofensa a las personas ni el menoscabo a las instituciones. Sostenemos que la credibilidad se forja con la verdad y la decencia, no con el sensacionalismo ni el agravio.<\/p>\n\n\n\n<p class=\"wp-block-paragraph\">Nos constituimos como un basti\u00f3n del desarrollo nacional. Por ello, &#8220;24\/7&#8221; apoyar\u00e1 decididamente al estudiante, la propiedad privada, la inversi\u00f3n y la capacitaci\u00f3n constante de la juventud. Creemos en el resguardo del orden constitucional, defendiendo el sistema democr\u00e1tico y respaldando a las autoridades leg\u00edtimamente constituidas.<\/p>\n\n\n\n<p class=\"wp-block-paragraph\">Para este diario, Dios, patria y familia constituyen el norte moral e inamovible. Reafirmamos nuestra fe en el Creador, el amor a la tierra que nos vio nacer y la defensa de la familia como instituci\u00f3n sagrada y base de la sociedad. Promoveremos el valor del trabajo honesto como la \u00fanica v\u00eda digna para la superaci\u00f3n humana. Con solemnidad, respeto y patriotismo, asumimos desde hoy el honroso deber de informar al Paraguay.<\/p>\n","protected":false},"excerpt":{"rendered":"<p>Hoy, con la mirada puesta en el porvenir de la patria, iniciamos la difusi\u00f3n del diario digital \u00ab24\/7\u00bb desde Asunci\u00f3n, con la madurez que otorgan los a\u00f1os de oficio.<\/p>\n","protected":false},"author":6,"featured_media":0,"template":"","categories":[10],"tags":[],"class_list":["post-82","editorial","type-editorial","status-publish","hentry","category-opinion"],"_links":{"self":[{"href":"https:\/\/24-7.com.py\/index.php\/wp-json\/wp\/v2\/editorial\/82","targetHints":{"allow":["GET"]}}],"collection":[{"href":"https:\/\/24-7.com.py\/index.php\/wp-json\/wp\/v2\/editorial"}],"about":[{"href":"https:\/\/24-7.com.py\/index.php\/wp-json\/wp\/v2\/types\/editorial"}],"author":[{"embeddable":true,"href":"https:\/\/24-7.com.py\/index.php\/wp-json\/wp\/v2\/users\/6"}],"wp:attachment":[{"href":"https:\/\/24-7.com.py\/index.php\/wp-json\/wp\/v2\/media?parent=82"}],"wp:term":[{"taxonomy":"category","embeddable":true,"href":"https:\/\/24-7.com.py\/index.php\/wp-json\/wp\/v2\/categories?post=82"},{"taxonomy":"post_tag","embeddable":true,"href":"https:\/\/24-7.com.py\/index.php\/wp-json\/wp\/v2\/tags?post=82"}],"curies":[{"name":"wp","href":"https:\/\/api.w.org\/{rel}","templated":true}]}}

Desde la dirección de «24/7»

<p class="wp-block-paragraph">Hoy, con la mirada puesta en el porvenir de la patria, iniciamos la difusión del diario digital &#8220;24/7&#8221; desde Asunción. Este proyecto nace de la convergencia de periodistas veteranos, quienes en su momento han sido primeras figuras de la prensa nacional. Volvemos al ejercicio informativo con la madurez que otorgan los años de oficio, con el fin de ofrecer un espacio de alta fidelidad periodística y profunda responsabilidad cívica.</p>



<p class="wp-block-paragraph">Asumimos un compromiso inquebrantable de respeto absoluto hacia nuestro público. Declaramos formalmente que nuestras páginas eludirán las informaciones chabacanas o denigrantes. No habrá en este medio espacio para la ofensa a las personas ni el menoscabo a las instituciones. Sostenemos que la credibilidad se forja con la verdad y la decencia, no con el sensacionalismo ni el agravio.</p>



<p class="wp-block-paragraph">Nos constituimos como un bastión del desarrollo nacional. Por ello, &#8220;24/7&#8221; apoyará decididamente al estudiante, la propiedad privada, la inversión y la capacitación constante de la juventud. Creemos en el resguardo del orden constitucional, defendiendo el sistema democrático y respaldando a las autoridades legítimamente constituidas.</p>



<p class="wp-block-paragraph">Para este diario, Dios, patria y familia constituyen el norte moral e inamovible. Reafirmamos nuestra fe en el Creador, el amor a la tierra que nos vio nacer y la defensa de la familia como institución sagrada y base de la sociedad. Promoveremos el valor del trabajo honesto como la única vía digna para la superación humana. Con solemnidad, respeto y patriotismo, asumimos desde hoy el honroso deber de informar al Paraguay.</p>

<p>Hoy, con la mirada puesta en el porvenir de la patria, iniciamos la difusión del diario digital «24/7» desde Asunción, con la madurez que otorgan los años de oficio.</p>
